{"id":12,"date":"2018-12-30T18:36:38","date_gmt":"2018-12-30T17:36:38","guid":{"rendered":"http:\/\/www.medical-nzoz.pl\/?page_id=12"},"modified":"2022-08-24T23:58:19","modified_gmt":"2022-08-24T21:58:19","slug":"start","status":"publish","type":"page","link":"https:\/\/www.medical-nzoz.pl\/","title":{"rendered":"Start"},"content":{"rendered":"<div id='layer_slider_1' class='avia-layerslider main_color avia-shadow  container_wrap fullsize'    style='height: 301px;' ><\/div>\n<div class=\"flex_column av_one_full first  \"><div style='padding-bottom:10px;' class='av-special-heading av-special-heading-h3 meta-heading blockquote modern-quote modern-centered '><h3 class='av-special-heading-tag'  itemprop=\"headline\"  ><\/p>\n<div>U nas zaszczepisz si\u0119 przeciwko COVID-19 ! U nas r\u00f3wnie\u017c wykonasz test przeciw COVID-19 !<\/div>\n<p><\/h3><div class='special-heading-border'><div class='special-heading-inner-border' ><\/div><\/div><\/div><\/div><div class=\"flex_column av_one_half first  \"><section class=\"av_textblock_section\"  itemscope=\"itemscope\" itemtype=\"https:\/\/schema.org\/CreativeWork\" ><div class='avia_textblock '   itemprop=\"text\" ><p style=\"text-align: center;\"><b>Badanie z zakresu Medycyny Pracy<\/b><\/p>\n<p><b>Co zyskujesz umawiaj\u0105c badanie przez formularz kontaktowy?<\/b><\/p>\n<p><b>Oszcz\u0119dno\u015b\u0107 czasu<\/b><span style=\"font-weight: 400;\"> \u2013 umawiasz badania w dowolnym miejscu i\u00a0o\u00a0dowolnej porze dnia.<\/span><\/p>\n<p><b>Elastyczno\u015b\u0107<\/b><span style=\"font-weight: 400;\"> \u2013 dopasowujesz umawiane wizyty do swojej dyspozycyjno\u015bci.<\/span><\/p>\n<p><b>Wygod\u0119<\/b><span style=\"font-weight: 400;\"> \u2013 wszystkie um\u00f3wione badania wykonasz w jednym miejscu w ci\u0105gu jednego dnia.<\/span><\/p>\n<h3 style=\"text-align: center;\"><b>Um\u00f3w wizyt\u0119<\/b><\/h3>\n<\/div><\/section><br \/>\n<section class=\"av_textblock_section\"  itemscope=\"itemscope\" itemtype=\"https:\/\/schema.org\/CreativeWork\" ><div class='avia_textblock '   itemprop=\"text\" ><p><code>\n<div class=\"wpcf7 no-js\" id=\"wpcf7-f211-o1\" lang=\"pl-PL\" dir=\"ltr\">\n<div class=\"screen-reader-response\"><p role=\"status\" aria-live=\"polite\" aria-atomic=\"true\"><\/p> <ul><\/ul><\/div>\n<form action=\"\/index.php\/wp-json\/wp\/v2\/pages\/12#wpcf7-f211-o1\" method=\"post\" class=\"wpcf7-form init\" aria-label=\"Formularz kontaktowy\" novalidate=\"novalidate\" data-status=\"init\">\n<div style=\"display: none;\">\n<input type=\"hidden\" name=\"_wpcf7\" value=\"211\" \/>\n<input type=\"hidden\" name=\"_wpcf7_version\" value=\"5.8.7\" \/>\n<input type=\"hidden\" name=\"_wpcf7_locale\" value=\"pl_PL\" \/>\n<input type=\"hidden\" name=\"_wpcf7_unit_tag\" value=\"wpcf7-f211-o1\" \/>\n<input type=\"hidden\" name=\"_wpcf7_container_post\" value=\"0\" \/>\n<input type=\"hidden\" name=\"_wpcf7_posted_data_hash\" value=\"\" \/>\n<\/div>\n<p><label> Imi\u0119 i nazwisko* <span class=\"wpcf7-form-control-wrap\" data-name=\"your-name\"><input size=\"40\" class=\"wpcf7-form-control wpcf7-text wpcf7-validates-as-required\" aria-required=\"true\" aria-invalid=\"false\" value=\"\" type=\"text\" name=\"your-name\" \/><\/span> <\/label>\n<\/p>\n<p><label> Firma \/ Instytucja*<br \/>\n<span class=\"wpcf7-form-control-wrap\" data-name=\"your-company\"><input size=\"40\" class=\"wpcf7-form-control wpcf7-text wpcf7-validates-as-required\" aria-required=\"true\" aria-invalid=\"false\" value=\"\" type=\"text\" name=\"your-company\" \/><\/span> <\/label>\n<\/p>\n<p><label> Telefon kontaktowy*<br \/>\n<span class=\"wpcf7-form-control-wrap\" data-name=\"your-tel\"><input size=\"40\" class=\"wpcf7-form-control wpcf7-tel wpcf7-validates-as-required wpcf7-text wpcf7-validates-as-tel\" aria-required=\"true\" aria-invalid=\"false\" value=\"\" type=\"tel\" name=\"your-tel\" \/><\/span> <\/label>\n<\/p>\n<p><label> Adres email*<br \/>\n<span class=\"wpcf7-form-control-wrap\" data-name=\"your-email\"><input size=\"40\" class=\"wpcf7-form-control wpcf7-email wpcf7-validates-as-required wpcf7-text wpcf7-validates-as-email\" aria-required=\"true\" aria-invalid=\"false\" value=\"\" type=\"email\" name=\"your-email\" \/><\/span> <\/label>\n<\/p>\n<p><label> Tre\u015b\u0107 wiadomo\u015bci*<br \/>\n<span class=\"wpcf7-form-control-wrap\" data-name=\"your-message\"><textarea cols=\"40\" rows=\"10\" class=\"wpcf7-form-control wpcf7-textarea wpcf7-validates-as-required\" aria-required=\"true\" aria-invalid=\"false\" name=\"your-message\"><\/textarea><\/span> <\/label>\n<\/p>\n<p><div id=\"cf7sr-69fb0c34ed091\" class=\"cf7sr-g-recaptcha\" data-theme=\"light\" data-type=\"image\" data-size=\"normal\" data-sitekey=\"6Levh40UAAAAAFvWqZPaCv5Y-i4EORUa-hVO3fW3\"><\/div><span class=\"wpcf7-form-control-wrap cf7sr-recaptcha\" data-name=\"cf7sr-recaptcha\"><input type=\"hidden\" name=\"cf7sr-recaptcha\" value=\"\" class=\"wpcf7-form-control\"><\/span>\n<\/p>\n<p><input class=\"wpcf7-form-control wpcf7-submit has-spinner\" type=\"submit\" value=\"Wy\u015blij\" \/>\n<\/p>\n<p>* Pola obowi\u0105zkowe\n<\/p><div class=\"wpcf7-response-output\" aria-hidden=\"true\"><\/div>\n<\/form>\n<\/div>\n<\/code><\/p>\n<\/div><\/section><br \/>\n<section class=\"av_textblock_section\"  itemscope=\"itemscope\" itemtype=\"https:\/\/schema.org\/CreativeWork\" ><div class='avia_textblock '   itemprop=\"text\" ><p><span style=\"font-weight: 400;\">** <\/span><span style=\"font-weight: 400;\">Rejestracja ka\u017cdorazowo potwierdza zwrotnie termin badania.<\/span><\/p>\n<\/div><\/section><\/p><\/div><\/p>\n<div class=\"flex_column av_one_half   \"><p><div  class='avia_message_box avia-color-red avia-size-large avia-icon_select-yes avia-border-solid '><div class='avia_message_box_content' ><span class='avia_message_box_icon' aria-hidden='true' data-av_icon='\ue840' data-av_iconfont='entypo-fontello'><\/span><p><b>KONTAKT DLA FIRM<\/b><\/p>\n<p><b>e-mail: biuro@medical-nzoz.pl<\/b><\/p>\n<p><b>Rejestracja:<\/b><\/p>\n<p>tel.: 61 8 43 00 40<\/p>\n<p>kom: 515 135 472<\/p>\n<p>kom: 501 330 083<\/p>\n<p>e-mail: rejestracja@medical-nzoz.pl<\/p>\n<\/div><\/div><br \/>\n<section class=\"av_textblock_section\"  itemscope=\"itemscope\" itemtype=\"https:\/\/schema.org\/CreativeWork\" ><div class='avia_textblock '   itemprop=\"text\" ><p><span style=\"font-weight: 400;\">Doskonale rozumiemy, \u017ce tym, co liczy si\u0119 najbardziej s\u0105\u00a0kompetentni lekarze\u00a0oraz wysokiej jako\u015bci obs\u0142uga Pacjent\u00f3w. Utworzyli\u015bmy Medical z my\u015bl\u0105 o promowaniu us\u0142ug medycznych na dobrym poziomie, w atrakcyjnej cenie, z zespo\u0142em lekarskim i piel\u0119gniarskim do kt\u00f3rego mamy pe\u0142ne\u00a0zaufanie.<\/span><\/p>\n<p><span style=\"font-weight: 400;\">Na czele naszego zespo\u0142u stoi <\/span><b>Kierownik Pan dr Bart\u0142omiej Kopaczewski<\/b><span style=\"font-weight: 400;\"> \u2013 lekarz neurochirurg z ogromnym do\u015bwiadczeniem. Uznany specjalista w ca\u0142ej Wielkopolsce i nie tylko.<\/span><\/p>\n<p><b>Pani Ewelina Eliasz, <\/b><span style=\"font-weight: 400;\">naczelna piel\u0119gniarka, profesjonalna i serdeczna &#8211; zapewnia nie tylko wysok\u0105 fachowo\u015b\u0107 obs\u0142ugi, lecz r\u00f3wnie\u017c \u015bwietn\u0105 atmosfer\u0119, z kt\u00f3rej s\u0142yniemy!<\/span><\/p>\n<p><span style=\"font-weight: 400;\">Nie spos\u00f3b pomin\u0105\u0107 zespo\u0142u pr\u0119\u017cnie dzia\u0142aj\u0105cego <\/span><b>Laboratorium Analitycznego<\/b><span style=\"font-weight: 400;\"> Pobranie krwi z r\u0105k naszych sympatycznych kole\u017canek jest niemal nieodczuwalne <\/span><\/p>\n<p><b>Nasza przychodnia s\u0142ynie nie tylko z kompleksowych \u015bwiadcze\u0144 z zakresu medycyny pracy. W swoim gronie mamy kadr\u0119 doskona\u0142ych specjalist\u00f3w z r\u00f3\u017cnych dziedzin, kt\u00f3rych liczba sukcesywnie b\u0119dzie si\u0119 powi\u0119ksza\u0107. <\/b><\/p>\n<p style=\"text-align: center;\"><span style=\"font-weight: 400;\">Szczeg\u00f3\u0142y znajdziecie Pa\u0144stwo w zak\u0142adce<\/span><\/p>\n<p style=\"text-align: center;\"><a href=\"http:\/\/www.medical-nzoz.pl\/index.php\/gabinety-specjalistyczne\/\"><b>GABINETY SPECJALISTYCZNE<\/b><\/a><\/p>\n<\/div><\/section><\/p><\/div>\n","protected":false},"excerpt":{"rendered":"","protected":false},"author":1,"featured_media":0,"parent":0,"menu_order":0,"comment_status":"closed","ping_status":"closed","template":"","meta":[],"_links":{"self":[{"href":"https:\/\/www.medical-nzoz.pl\/index.php\/wp-json\/wp\/v2\/pages\/12"}],"collection":[{"href":"https:\/\/www.medical-nzoz.pl\/index.php\/wp-json\/wp\/v2\/pages"}],"about":[{"href":"https:\/\/www.medical-nzoz.pl\/index.php\/wp-json\/wp\/v2\/types\/page"}],"author":[{"embeddable":true,"href":"https:\/\/www.medical-nzoz.pl\/index.php\/wp-json\/wp\/v2\/users\/1"}],"replies":[{"embeddable":true,"href":"https:\/\/www.medical-nzoz.pl\/index.php\/wp-json\/wp\/v2\/comments?post=12"}],"version-history":[{"count":73,"href":"https:\/\/www.medical-nzoz.pl\/index.php\/wp-json\/wp\/v2\/pages\/12\/revisions"}],"predecessor-version":[{"id":694,"href":"https:\/\/www.medical-nzoz.pl\/index.php\/wp-json\/wp\/v2\/pages\/12\/revisions\/694"}],"wp:attachment":[{"href":"https:\/\/www.medical-nzoz.pl\/index.php\/wp-json\/wp\/v2\/media?parent=12"}],"curies":[{"name":"wp","href":"https:\/\/api.w.org\/{rel}","templated":true}]}}